*k**2 - 2*k + 7. Is o(l) composite?
True
Is 6/24 + (-116775)/(-20) composite?
False
Let t be (-66)/110 + 42/(-5). Let d = 14 + t. Suppose 5*p + 5*f - 32 = 23, 0 = -d*p - 2*f + 64. Is p prime?
False
Suppose w - 8 = -3*w. Let c be 40/w*(-2)/(-4). Is c/(-60) + (-3247)/(-6) composite?
False
Suppose 0*a = 6*a - 180. Let r = -27 + a. Suppose r*z + 235 = 8*z. Is z prime?
True
Let p = -57 + 170. Let s = p + -18. Is s a composite number?
True
Suppose 2*l = -0*l. Suppose -i - 4*i - 3*h = -8, -5*h + 5 = l. Is ((-6305)/26)/(i/(-2)) prime?
False
Suppose -19*m - 1775 = -44*m. Is m a prime number?
True
Let w(v) = 4*v**2 + 15*v - 17. Is w(8) prime?
True
Suppose 19872 + 4106 = 2*t. Is t composite?
True
Suppose -1681 - 3739 = -5*b + 3*k, -3*b - k = -3266. Is b a prime number?
True
Let y(b) = b**3 + 7*b**2 + 9*b - 2. Let k be (0 + -10)*8/10. Let t be y(k). Let g = -44 - t. Is g a prime number?
False
Let h(q) = 8*q**3 + 5*q**2 - 3*q - 1. Let b be 2/3*(-189)/(-42). Is h(b) a composite number?
False
Let k(a) = -355*a - 16. Let h be k(-5). Let s = h - 1146. Is s a composite number?
False
Let h(d) = -848*d + 63. Is h(-7) prime?
False
Let i be ((-40)/16)/(1/(-2)). Suppose -w = -i*w + 28. Let f(q) = -q**3 + 12*q**2 - 5*q + 7. Is f(w) composite?
True
Suppose 0 = 2*j, 0*k - j + 6376 = -4*k. Let d = k + 2388. Is d a prime number?
False
Let x be -2*(-1 + (3 - 3)). Let w(i) = i - 2. Let f be w(x). Suppose -2*h = -f*h - 42. Is h a prime number?
False
Let i(c) = -c**3 - 2*c**2 + 11*c + 101. Is i(-19) a composite number?
False
Is (-3 - 45510/(-9))/((-6)/(-18)) a composite number?
False
Let a be 4/((-6)/9*-3). Suppose 35 = -a*l + 193. Is l a prime number?
True
Let f(k) = -72*k + 53*k + 46*k + 2. Let j be (-99)/(-15) - 4/(-10). Is f(j) composite?
False
Let r = 6384 + -2277. Let c = -1070 + r. Is c composite?
False
Suppose -2*a + 8 = -o + 2*o, 32 = 2*a - 5*o. Is ((-263)/(-2))/(3/a) composite?
False
Suppose g = -14*g + 10095. Is g composite?
False
Suppose -3*i - 4391 = -2*n, 5*n + 7172 = -4*i + 18184. Suppose -2*v - 5*x = -871, 6*v - v + 5*x - n = 0. Is v a composite number?
False
Let c = -2791 + 3978. Is c a composite number?
False
Let f(y) = -23*y + 95. Is f(0) prime?
False
Suppose -4*r - 4*g + 5 + 7 = 0, -13 = -3*r + g. Let w = 336 - 152. Suppose -3*p - 2*s + 257 = 0, -w = -2*p + s + r*s. Is p composite?
True
Suppose 0 = -0*o + 5*o + 50. Let b = -10 - o. Suppose w - 33 = -b*w. Is w composite?
True
Suppose -y + 33 = 96. Let p = y - -500. Suppose -3*d - 14 + p = 0. Is d a prime number?
False
Suppose -2*l - 3*l + 5*b = -35, -l + 5*b + 19 = 0. Suppose 0 = -d - p - 2, 2*p - 24 = l*d - 2*p. Is (-974)/d*(3 - 1) composite?
False
Suppose -1616 = -9*j + 8*j. Suppose 9*f - j = -275. Is f composite?
False
Suppose 2944 = 3*j + 4*h, -5*h - 5947 = -5*j - 1087. Let d = 103 + j. Is d prime?
False
Let t be (-484)/(-10) + (-4)/10. Suppose t = -c - 2*c. Let r = 51 - c. Is r a composite number?
False
Let v be 3556/10 - 48/(-120). Suppose v = -2*r + 4*r. Is r prime?
False
Suppose -22*a - 30 = -17*a. Let f(c) = -28*c - 11. Is f(a) a composite number?
False
Suppose 2*l + 6 = 3*o, l - 3 + 0 = 0. Suppose 2*f = 2*n - 3*n + 831, o*f = 2*n - 1702. Is n prime?
False
Let n be 5/10*(-2 + 2). Suppose 10*o - 10293 - 3697 = n. Is o a prime number?
True
Suppose -15 = -5*y - 0. Let j(p) = 3 - 3 - 2 + 40*p - 5. Is j(y) prime?
True
Let w be ((-9)/6)/(24/(-416)). Suppose w = -2*q + 88. Is q prime?
True
Let h(a) = -4*a**3 - 2*a**2 - 2*a + 1. Let t be h(-5). Suppose 4*f - 3945 = -t. Is f composite?
True
Let w(b) = -b**2 - 1. Let o be w(3). Let j = 0 - o. Is j/35 - 435/(-21) prime?
False
Suppose 6*b - 5*b = 2. Suppose -b*j - 4*v + 4 = 0, 5*v + 0*v = 10. Is j/6 - 740/(-6) a composite number?
True
Let m be ((-543)/(-15))/((-2)/((-10)/1)). Let s = 30 + m. Is s a composite number?
False
Let f(b) = b**3 - 7. Suppose 2*u = u. Let x be f(u). Let s = 156 - x. Is s a composite number?
False
Suppose 7*c - 20 = 3*c - q, 0 = -q + 4. Is c/6 + (-1406)/(-6) composite?
True
Let q be (-1)/(-1 - (-15)/12). Let s(a) = 5*a**3 - 5*a - 2. Let z be s(q). Let y = 633 + z. Is y a prime number?
True
Suppose 0 = 4*c - 17 - 3. Suppose -5*r - 3*m + 2*m - 58 = 0, 5*r + c*m = -70. Let h = 20 - r. Is h prime?
True
Suppose 0 = y - 4, -28 = -4*u + 4*y - 8*y. Suppose -d - 3*z = z + 17, 5*d + u*z = 0. Suppose -m - d*m - b = -9889, -2*m + 4955 = -3*b. Is m a prime number?
True
Suppose -5*t = 4*p - 34157, -5*p + 42718 = -t - 0*t. Is p composite?
False
Let q(y) = -y**2 - 8*y - 6. Let h be q(-10). Let b = h - -20. Let c(v) = -2*v + 19. Is c(b) a composite number?
False
Let v = 221 + 18540. Is v composite?
True
Suppose -5*j + 9 = -2*j, -5*j = -4*f + 9. Suppose -s + 5 - 18 = 4*i, 2*s = -3*i - f. Suppose 4*d + 4*n - 4 = -0, 23 = s*d - n. Is d composite?
True
Let r = 1851 - 710. Is r a composite number?
True
Suppose -16 = -t - 3*n, 2*t = 3*t - 5*n. Suppose -x = t*x - 37279. Is x a composite number?
False
Suppose 3*y + 53 = 2*y. Let r = y - -566. Suppose 0 = c + i - 122, 2*c = 6*c - i - r. Is c a composite number?
False
Is 884/5 + 5/25 a prime number?
False
Let p be (-6)/18 - 16/(-3). Let x(m) = 469*m - 12. Is x(p) prime?
True
Suppose -6*p + 14685 = -3*p. Let r = p - 2922. Is r prime?
True
Let v be 1/(-1)*-1 + 1253. Suppose -v = -4*a + 2*a. Let z = -180 + a. Is z prime?
False
Let d(g) = 2*g - 4*g**3 - g**2 - 6*g**2 - 2 - 6*g + 2*g**2. Let q(c) = -4*c + 7. Let k be q(3). Is d(k) prime?
False
Suppose 0 = -q - 7 - 0. Let o be q/(-5) - (-6)/10. Suppose 4 + 130 = o*x. Is x prime?
True
Let n(o) = o**3 - 23*o**2 - 5*o + 35. Is n(30) a composite number?
True
Let s = -11 + 6. Let n = -16 - s. Let o = 134 - n. Is o a prime number?
False
Suppose -5 = -5*i - 0*i - 5*n, 2*n - 2 = -5*i. Suppose i + 24 = 3*v. Suppose -3*y - 970 = -v*y. Is y prime?
False
Is ((-15)/12)/(3/(-9012)) a prime number?
False
Let m = -6827 - -31494. Is m prime?
False
Let t(s) = -s - 3. Let b(p) = -2*p - 4. Let m(u) = -2*b(u) + 3*t(u). Let j be m(7). Suppose -f = -j*f + 445. Is f a prime number?
True
Let k = 45 + -4. Suppose 0 = -3*z - o + k, 3*z - 2*o - 68 = -z. Is z a prime number?
False
Suppose -4*f = 1370 - 13918. Is f a prime number?
True
Suppose -2*n + h + 153 = 0, -3*n - 5*h + 42 = -207. Let b be 9/(-18)*(-1126)/1. Let q = b - n. Is q prime?
False
Suppose -3*l - 150 = -l. Let y = l - -362. Is y a prime number?
False
Is 3/(-24)*6 - 404828/(-16) a composite number?
False
Suppose -l + 19 - 5 = 0. Let g(j) = -j**3 + 15*j**2 + 2*j - 13. Is g(l) composite?
False
Let z(o) = 1012*o**3 - o**2 + 13*o - 25. Is z(3) a prime number?
True
Let s(k) = -k**3 + 3*k**2 + 7*k + 6. Let i be s(6). Let z = i - -90. Let j = 67 - z. Is j a composite number?
False
Let k = 681 - 264. Suppose -2*x = j - 2, 3*x - 8*x = -5. Suppose -3*q + j*q + k = 0. Is q a composite number?
False
Let d(w) = 140*w**2 - 15*w + 23. Is d(-8) prime?
True
Suppose 3478 = 3*q - 5003. Is q prime?
False
Let y(s) = 4*s**2 + 2*s - 2. Let k be y(1). Suppose 9384 + 928 = k*c + n, -c = 3*n - 2567. Is c composite?
False
Suppose -2*i + 20164 = -6*q + 4*q, 30254 = 3*i - 5*q. Is i composite?
True
Suppose 0 = -7*z + 5*z + 48. Suppose 507 = 3*j - z. Is j prime?
False
Let p = 15 - 13. Let n(x) = -5*x - 3*x**p + 23*x**2 + x**2 + 3. Is n(4) composite?
True
Let t be -1*3 - (-16 + 13474). Is (t/(-6))/(-7)*-2 a prime number?
True
Let g be (42/(-49))/(12/(-56)). Suppose 3*d - 3*u - 15 = 291, 5*d - g*u = 514. Is d composite?
True
Suppose 0 = -6*p + 22 - 4. Suppose -2*s + 1793 = d - 926, -d - p = 0. Is s a composite number?
False
Suppose 0*y - 2*y + 42 = 0. Let g be 4/(-2)*y/(-14). Suppose 0 = g*s + d - 61, -2*s + 0*d + 4*d + 22 = 0. Is s a composite number?
False
Let v(g) = g**3 + 20*g**2 + g + 26. Let l be v(-20). Suppose -l = -2*o, -3*x + x - 2*o + 11516 = 0. Is x a composite number?
True
Let b(o) = 499*o + 5. Let t = -20 + 24. Suppose -4*n + t = 0, -1 = 3*k - 5*n - 2. Is b(k) a prime number?
False
Suppose 13 + 1 = -2*c. Let x be (-2)/7 - 30/c. Suppose x*q - 746 - 50 = 0. Is q composite?
False
Let n = 10468 + -2829. Is n composite?
False
Suppose 14*h = 16*h - 1282. Is h a prime number?
True
Suppose -z + 510 = -3*t - 253, -z = -4*t - 762. Is z a composite number?
True
Suppose -94 = 6*n + 56. Is (n/(-20))/(4/2416) a prime number?
False
Let a(l) = l - 1. Let z(j) = 3